{"id":1785,"date":"2025-10-31T17:19:25","date_gmt":"2025-10-31T16:19:25","guid":{"rendered":"https:\/\/www.deison.net\/?page_id=1785"},"modified":"2026-01-25T10:03:26","modified_gmt":"2026-01-25T09:03:26","slug":"everything-collapsed-piano-versions","status":"publish","type":"page","link":"https:\/\/www.deison.net\/index.php\/everything-collapsed-piano-versions\/","title":{"rendered":"Everything Collapse(d) (Piano Versions)"},"content":{"rendered":"\n<h2 class=\"wp-block-heading has-text-align-right\">DEISON MINGLE<\/h2>\n\n\n\n<h4 class=\"wp-block-heading has-text-align-right\">(CD, Loud!\/Final Muzik\/St.An.Da.,2025)<\/h4>\n\n\n\n<div class=\"wp-block-columns alignwide is-layout-flex wp-container-core-columns-is-layout-9d6595d7 wp-block-columns-is-layout-flex\">\n<div class=\"wp-block-column is-layout-flow wp-block-column-is-layout-flow\"><div class=\"wp-block-image is-resized\">\n<figure class=\"alignleft size-full\"><img fetchpriority=\"high\" decoding=\"async\" width=\"567\" height=\"566\" src=\"https:\/\/www.deison.net\/wp-content\/uploads\/2025\/10\/Deison_Mingle_piano_versions_front-web.png\" alt=\"\" class=\"wp-image-1787\" srcset=\"https:\/\/www.deison.net\/wp-content\/uploads\/2025\/10\/Deison_Mingle_piano_versions_front-web.png 567w, https:\/\/www.deison.net\/wp-content\/uploads\/2025\/10\/Deison_Mingle_piano_versions_front-web-300x300.png 300w, https:\/\/www.deison.net\/wp-content\/uploads\/2025\/10\/Deison_Mingle_piano_versions_front-web-150x150.png 150w\" sizes=\"(max-width: 567px) 100vw, 567px\" \/><\/figure>\n<\/div>\n\n\n<iframe style=\"border: 0; width: 100%; height: 120px;\" src=\"https:\/\/bandcamp.com\/EmbeddedPlayer\/album=1601768968\/size=large\/bgcol=ffffff\/linkcol=0687f5\/tracklist=false\/artwork=small\/transparent=true\/\" seamless><a href=\"https:\/\/deison.bandcamp.com\/album\/everything-collapse-d-piano-versions-2\">Everything Collapse(d)-Piano Versions by Deison | Mingle<\/a><\/iframe>\n\n\n\n<figure class=\"wp-block-image size-large\"><img decoding=\"async\" width=\"1024\" height=\"1024\" src=\"https:\/\/www.deison.net\/wp-content\/uploads\/2025\/10\/GZ1A4241-1024x1024.jpg\" alt=\"\" class=\"wp-image-1788\" srcset=\"https:\/\/www.deison.net\/wp-content\/uploads\/2025\/10\/GZ1A4241-1024x1024.jpg 1024w, https:\/\/www.deison.net\/wp-content\/uploads\/2025\/10\/GZ1A4241-300x300.jpg 300w, https:\/\/www.deison.net\/wp-content\/uploads\/2025\/10\/GZ1A4241-150x150.jpg 150w, https:\/\/www.deison.net\/wp-content\/uploads\/2025\/10\/GZ1A4241-768x768.jpg 768w, https:\/\/www.deison.net\/wp-content\/uploads\/2025\/10\/GZ1A4241-1536x1536.jpg 1536w, https:\/\/www.deison.net\/wp-content\/uploads\/2025\/10\/GZ1A4241.jpg 2000w\" sizes=\"(max-width: 1024px) 100vw, 1024px\" \/><\/figure>\n\n\n\n<figure class=\"wp-block-embed is-type-video is-provider-youtube wp-block-embed-youtube wp-embed-aspect-4-3 wp-has-aspect-ratio\"><div class=\"wp-block-embed__wrapper\">\n<div class=\"nv-iframe-embed\"><iframe title=\"DEISON \/ MINGLE : EVERYTHING COLLAPSES\" width=\"1200\" height=\"900\" src=\"https:\/\/www.youtube.com\/embed\/oY4MeaDzTr0?feature=oembed\" frameborder=\"0\" allow=\"accelerometer; autoplay; clipboard-write; encrypted-media; gyroscope; picture-in-picture; web-share\" referrerpolicy=\"strict-origin-when-cross-origin\" allowfullscreen><\/iframe><\/div>\n<\/div><\/figure>\n<\/div>\n\n\n\n<div class=\"wp-block-column is-layout-flow wp-block-column-is-layout-flow\">\n<p><\/p>\n\n\n\n<p style=\"font-size:15px\">01. Optokinetic Reflex (Glassy Eyes) <br>02. Everything Collapses<br>03. Nessun Desiderio (Decimaction) <br>04. Out Of The Blue (Rain)<br>05. Settled Apathy (Hospital)<br>06. One Million Parsec From Your Sun <br>07. An Estranged Perspective (Time Off) <br>08. Static Inertia<\/p>\n\n\n\n<p class=\"has-text-align-justify\" style=\"font-size:15px\">This is an unreleased and \u201clost\u201d new album by Deison and Mingle conceived in 2014 \/15 right after the recor- ding and the release of their debut collaboration-album Everything Collapse[d].<br>After the passing of Andrea Gastaldello (\u201cMingle\u201d) in 2021 and founding these forgotten tracks led us to think that this work should have been listened to understand the essence of the original album.<\/p>\n\n\n\n<p class=\"has-text-align-justify\" style=\"font-size:15px\">Published by a co-production of three label who have released various works by the duo in the past (Loud!, Final Muzik and St.An.Da.), the work has been mastered by Eraldo Bernocchi in 2025.<\/p>\n\n\n\n<p style=\"font-size:15px\">released October 31, 2025.<\/p>\n\n\n\n<p><em>\u201cEverything Collapse[d]- piano versions\u201d is a perfect union of our two sounds: drones, field recordings and processed loops intermingled with melancholy harmonies and piano chimes.<br>A gloomy and dirty electronic sound that turns into an extremely evocative score which is full of pathos.<br>A more ethereal, almost meditative release, playing with shifting textures and minimal tones.<\/em><\/p>\n\n\n\n<p>from CD liner notes:<br>\u201cA few months after making our first album together, (&#8220;Everything collapse(d)&#8221;, Aagoo records, 2014) Andrea proposed to me the idea of re-interpreting the pieces by stripping them of all the superfluous to leave only the &#8220;melodic&#8221; skeleton. A sort of reinterpretation of the album for solo piano and electronics. As usual, our fluent, spontaneous, and immediate way of working together led us to complete the work in a short amount of time and to plan a publication. The album was never published because at the same time we accumulated new material that was going to constitute the second chapter of our precious collaboration.Andrea has always been enthusiastic about these pieces which represent his musical ability and sensitivity. Through process of making records together with him, I&#8217;ve discovered a composer of the highest level, particularly enthusiastic about experimenting with me new musical ways, who advised me and inspired new ideas; for this I thank him and I dedicate this album to him.\u201d Deison, 2025<\/p>\n\n\n\n<p>From 2014 press-release:<\/p>\n\n\n\n<p>&#8220;The album is intensely alive; intentional morbidity never sounded so good.\u201d (A Closer Listen)<\/p>\n\n\n\n<p>\u201cThis is a slow indulgent collection of bleak experimental, brought to us by the duo of Deison &amp; Mingle. Superb blend of droney, loop driven electronica. All slower paced &amp; all bloody good.\u201d<br>(KZSU Stanford University Radio)<\/p>\n\n\n\n<p>&#8220;Il vorticoso ruotare di queste note sibilline rappresenta la bellezza sperticata di questo pericolante lavoro&#8221;. (Musica Popolare)<\/p>\n\n\n\n<p>&#8220;Non c&#8217;\u00e8 bisogno di aggiungere altro: una delle migliori release di inizio anno&#8221;. (Industrial Revolution)<\/p>\n<\/div>\n<\/div>\n\n\n\n<hr class=\"wp-block-separator has-css-opacity\"\/>\n\n\n\n<h4 class=\"wp-block-heading\">EVERYTHING COLLAPSE(D)-PIANO VERSIONS: SU VER SACRUM <\/h4>\n\n\n\n<p>Pochi giorni or sono stavo registrando la puntata settimanale del mio programma radio, in scaletta \u201cEverything collapses\u201d, brano scelto per presentare il disco di imminente pubblicazione che andiamo in questa sede ad approfondire. Non nascondo e nemmeno me ne vergogno, mi sono emozionato, la voce non mi saliva pi\u00f9 dalla gola che si era serrata. Mi sono fermato un attimo, ad osservare lo schermo del pc, a lasciare che le note fluissero libere (stavo proprio ascoltando in sottofondo questo pezzo) nello spazio angusto del mio studio.<\/p>\n\n\n\n<p>Pu\u00f2 la Musica colmare l\u2019Assenza? S\u00ec, lo sappiamo, \u00e8 vero. Ma stavolta questa&nbsp;<em>qualit\u00e0&nbsp;<\/em>si \u00e8 resa ancor pi\u00f9 necessaria.<\/p>\n\n\n\n<p>Alessandro \u201cMingle\u201d Gastaldello si \u00e8 staccato dalla Terra l\u2019undici di agosto del 2021. Nel 2014 aveva unito talento, ispirazione, estro con un altro attento indagatore del suono, Cristiano Deison. Il risultato di questa perfetta unione fu \u201cEverything collapse(d)\u201d, pubblicato lo stesso anno da Agoo Records. Gi\u00e0 nei mesi successivi Alessandro\/Mingle manifest\u00f2 l\u2019esigenza, l\u2019urgenza di risuonare\/riproporre quel debutto, quegli stessi otto brani che ne componevano l\u2019ossatura, in versione per solo pianoforte ed elettronica. Spogliandolo letteralmente di ogni granello di suono ritenuto superfluo, prosciugandolo fino alla sua pi\u00f9 intima essenza. Iniziativa che pur troppo non ebbe seguito. Nel mentre altra musica si era creata, si era sviluppata per un eventuale secondo album. Poi, l\u2019agosto del 2021.<\/p>\n\n\n\n<p>\u00c8 venuto per\u00f2 il momento di liberare, queste schegge di melodia compassata, di note sparse e sospese nell\u2019aria densa, ovvero immerse in un liquido ancestrale. Deison lo fa con tatto, con misura. Con Rispetto.&nbsp;<em>Everything collapse(d) \u2013 Piano Versions&nbsp;<\/em>\u00e8 il suono lieve della Terra, quello meccanico di un macchinario in lontananza, quello impalpabile del distacco dalla materia, dell\u2019ascesa ad un&nbsp;<em>qualcosa&nbsp;<\/em>che \u00e8 troppo grande, immenso, troppo potente per poter essere definito. (<a href=\"https:\/\/www.versacrum.com\/vs\/2025\/10\/deison-mingle-everything-collapsed-piano-versions.html\">LINK)<\/a><\/p>\n\n\n\n<hr class=\"wp-block-separator has-css-opacity\"\/>\n\n\n\n<h4 class=\"wp-block-heading\">EVERYTHING COLLAPSE(D)-PIANO VERSIONS: SU SODA POP<\/h4>\n\n\n\n<p>\u201cPochi mesi dopo aver realizzato il nostro primo album insieme (\u201cEverything collapse(d)\u201d, Aagoo records, 2014) Andrea mi propose l\u2019idea di reinterpretare i brani spogliandoli del superfluo, lasciando solo lo scheletro melodico. Una sorta di reinterpretazione dell\u2019album per soli piano ed elettronica. Come al solito, la maniera fluente, spontanea e immediata di lavorare insieme ci port\u00f2 a completare il lavoro in pochissimo tempo e a programmarne l\u2019uscita. L\u2019album non fu mai pubblicato perch\u00e9, nello stesso periodo, avevamo accumulato nuovo materiale che sarebbe andato a costituire il secondo capitolo della nostra preziosa collaborazione.\u201d Questa \u2013 dalle note di copertina vergate da&nbsp;<strong>Deison<\/strong>&nbsp;\u2013 \u00e8 la genesi di&nbsp;<em>Everithing Collpase(d) \u2013 Piano Version<\/em>, che finalmente vede la luce \u2013 su tre etichette per le quali il duo aveva pubblicato \u2013 a quattro anni dalla scomparsa di&nbsp;<strong>Andrea Gastaldello<\/strong>\/<strong>Mingle<\/strong>.<br>Credo che, per parlare di quest\u2019album, ci siano solo due modi: contestualizzarlo nel momento in cui \u00e8 stato creato, mettendolo in rapporto col modello di partenza, oppure considerarlo un lavoro a s\u00e9 stante, calandolo nell\u2019oggi. Qualcun altro, ne sono certo, intraprender\u00e0 con assoluta competenza la prima strada, ma, personalmente, scelgo di considerare questo disco la chiusura del cerchio, l\u2019atto che riporta la collaborazione Deison\/Mingle a un diverso inizio e che ci permette di ascoltarlo con orecchie vergini.<br>Da un punto di vista puramente stilistico siamo nell\u2019ambito del minimalismo, coi suoni di piano come sospesi su un abisso di silenzio, con solo l\u2019elettronica a sostenerli, ma \u00e8 dal punto di vista espressivo che questa versione di&nbsp;<em>Everything Collapse(d)<\/em>&nbsp;ci parla in modo particolare: lo fa andando a toccare corde profonde alle quali arriva proprio grazie all\u2019essenzialit\u00e0 del suono, senza possibilit\u00e0 di fraintendimenti.<br>Fin dall\u2019iniziale&nbsp;<em>Optokinetic Reflex (Glassy Eyes),<\/em>&nbsp;con un piano rarefatto e gli sfrigolii elettronici progressivamente pi\u00f9 invadenti, si chiarisce la logica sulla quale si regge il disco: lo strumento acustico crea le melodie mentre i suoni di sintesi, mai accessori, le valorizzano, ora assecondandole, ora disturbandole. Quello che ne esce \u00e8 un\u2019opera che d\u00e0 l\u2019impressione di cambiare di senso alle composizioni che l\u2019hanno originata:&nbsp;<em>Nessun Desiderio (Decimaction),&nbsp;<\/em>col suo fraseggio insistito a cui si sovrappone un motivo dilatato, muta sull\u2019onda delle pulsazioni elettroniche e prima trasmette una tensione febbrile, poi esplode in una melodia gioiosa, come a suggerire che la privazione possa essere la chiave per la felicit\u00e0. Oppure&nbsp;<em>Out Of The Blue (Rain)<\/em>&nbsp;dove i tocchi di piano rarefatti, adagiati su una base noise, prendono via via una forma pi\u00f9 solida che inizia a incedere sicura assecondata dai battiti sintetici e ci guida verso la serenit\u00e0 che c\u2019\u00e8 oltre la tristezza. E ancora&nbsp;<em>Settled Apathy (Hospital),<\/em>&nbsp;con un bip insistito che, da subito, si prende la scena, ingabbiando i suoni gravi e le note bellissime e tristi del piano, ma che alla fine \u00e8 costretto a eclissarsi, vinto dalla forza insistita della melodia.<br>Sono solo alcuni esempi di un lavoro nel quale la malinconia, pur presente, non finisce mai per prevalere, perch\u00e9 un altro \u00e8 il senso profondo che lo anima: questa<em>&nbsp;Piano Version,<\/em>&nbsp;che il tempo trascorso ha spogliato del superfluo, nella sua assoluta purezza sa farci vedere, attraverso il suono, l\u2019essenzialit\u00e0 del reale, con la chiarezza e la consistenza di un cristallo duro e lucente che i tocchi dei martelletti sulle corde con tanta forza evocano.(<a href=\"https:\/\/www.sodapop.it\/phnx\/mingle-deison-everithing-collpased-piano-version-final-muzik-st-an-da-loud-2025\/\">LINK<\/a><a href=\"https:\/\/www.versacrum.com\/vs\/2025\/10\/deison-mingle-everything-collapsed-piano-versions.html\">)<\/a><\/p>\n\n\n\n<hr class=\"wp-block-separator has-alpha-channel-opacity\"\/>\n\n\n\n<h4 class=\"wp-block-heading\">EVERYTHING COLLAPSE(D)-PIANO VERSIONS: SU RUMORE<\/h4>\n\n\n\n<figure class=\"wp-block-image size-large\"><img decoding=\"async\" width=\"723\" height=\"1024\" src=\"https:\/\/www.deison.net\/wp-content\/uploads\/2025\/11\/RUMORE-405-DEISON_MINGLE-723x1024.jpg\" alt=\"\" class=\"wp-image-1798\" srcset=\"https:\/\/www.deison.net\/wp-content\/uploads\/2025\/11\/RUMORE-405-DEISON_MINGLE-723x1024.jpg 723w, https:\/\/www.deison.net\/wp-content\/uploads\/2025\/11\/RUMORE-405-DEISON_MINGLE-212x300.jpg 212w, https:\/\/www.deison.net\/wp-content\/uploads\/2025\/11\/RUMORE-405-DEISON_MINGLE-768x1088.jpg 768w, https:\/\/www.deison.net\/wp-content\/uploads\/2025\/11\/RUMORE-405-DEISON_MINGLE-1085x1536.jpg 1085w, https:\/\/www.deison.net\/wp-content\/uploads\/2025\/11\/RUMORE-405-DEISON_MINGLE.jpg 1446w\" sizes=\"(max-width: 723px) 100vw, 723px\" \/><\/figure>\n\n\n\n<hr class=\"wp-block-separator has-alpha-channel-opacity\"\/>\n\n\n\n<h4 class=\"wp-block-heading\">EVERYTHING COLLAPSE(D)-PIANO VERSIONS: SU ROCKERILLA<\/h4>\n\n\n\n<figure class=\"wp-block-image size-large\"><img loading=\"lazy\" decoding=\"async\" width=\"724\" height=\"1024\" src=\"https:\/\/www.deison.net\/wp-content\/uploads\/2025\/12\/3cover544-724x1024.jpg\" alt=\"\" class=\"wp-image-1823\" srcset=\"https:\/\/www.deison.net\/wp-content\/uploads\/2025\/12\/3cover544-724x1024.jpg 724w, https:\/\/www.deison.net\/wp-content\/uploads\/2025\/12\/3cover544-212x300.jpg 212w, https:\/\/www.deison.net\/wp-content\/uploads\/2025\/12\/3cover544-768x1086.jpg 768w, https:\/\/www.deison.net\/wp-content\/uploads\/2025\/12\/3cover544.jpg 794w\" sizes=\"(max-width: 724px) 100vw, 724px\" \/><\/figure>\n\n\n\n<hr class=\"wp-block-separator has-alpha-channel-opacity\"\/>\n\n\n\n<h4 class=\"wp-block-heading\">EVERYTHING COLLAPSE(D)-PIANO VERSIONS: SU SO WHAT<\/h4>\n\n\n\n<p>Sono trascorsi undici anni dalla prima edizione di\u00a0<em>Everything Collapse(d)<\/em>, album composto a quattro mani da\u00a0<strong><a href=\"https:\/\/sowhatmusica.wordpress.com\/?s=deison+mingle\">Cristiano Deison e Andrea \u201cMingle\u201d Gastaldello<\/a><\/strong>, musicisti accomunati da una visione musicale ed estetica convergente nonch\u00e9 dall\u2019ostinata volont\u00e0 di esplorare territori timbrici inediti. Un binomio artisticamente felice spezzato, pochi anni or sono, dalla scomparsa di Gastaldello. Tuttavia, come emergendo da una realt\u00e0 quantistica non lineare, nel 2025 viene dato alle stampe un ulteriore capitolo del loro percorso artistico.<em>Everything Collapse(d) Piano Versions<\/em>\u00a0\u00e8 di fatto una versione alternativa dell\u2019omonimo album del 2014 che non nasce postuma bens\u00ec viene concepita insieme a\u00a0<a href=\"https:\/\/sowhatmusica.wordpress.com\/?s=mingle\">Mingle<\/a>\u00a0a breve distanza dall\u2019uscita del loro disco di esordio.<br>Se \u00e8 prassi comune nelle produzioni elettroacustiche sovrapporre pi\u00f9 linee timbriche arrivando a costruire stratificazioni sonore anche impenetrabili, in\u00a0<em>Piano Versions<\/em>\u00a0emerge chiaramente l\u2019intento di rileggere il materiale originale procedendo per sottrazione. Il risultato \u00e8 decisamente pi\u00f9 rarefatto e prossimo alla disintegrazione sonora.<br>Ad un confronto, si percepisce subito la significativa riduzione degli elementi post-industriali presenti nel disco originale, favorendo la cesellatura di ambienti sonori dolorosi, madidi di spleen e sconforto. Il piano \u2013 spesso screziato di abrasivit\u00e0 sintetiche \u2013 ci accompagna come una guida attraverso le valli di un Purgatorio di ombre.<br>Un\u2019elegia dell\u2019assenza che non tracima nel languore, una malinconia esistenziale che fa eco al ricordo di chi non c\u2019\u00e8 pi\u00f9.(<a href=\"https:\/\/sowhatmusica.wordpress.com\/2026\/01\/23\/deison-mingle-everything-collapsed-piano-versions\/\">LINK<\/a>)<\/p>\n\n\n\n<hr class=\"wp-block-separator has-alpha-channel-opacity\"\/>\n\n\n\n<h4 class=\"wp-block-heading\">EVERYTHING COLLAPSE(D)-PIANO VERSIONS: ON SIDE-LINE REVIEWS<\/h4>\n\n\n\n<p>&#8220;Everything Collapse(d)&#8221; is the first album that brought together Italian artists Cristiano Deison and Andrea Gastaldello. That was in 2014 and since then, the duo has released several albums together. This debut work originally featured a piano theme, though it had never been released until now. The tracklist remains unchanged, but the execution of the pieces differs notably.<br>As mentioned, the piano takes center stage, creating an intimate and Cinematic atmosphere. At times, it even evokes a film noir mood, with a subtle Jazzy touch. Yet, Deison and Mingle stay true to their familiar, idiosyncratic, and distinctive Experimental approach. Alongside the piano, listeners will encounter an array of strange, noisy, and background textures that lend the music a mysterious yet engaging character.<br>A delicate contrast arises between these two elements, complementing each other perfectly to form a fascinating whole. It would have been a real shame if this album had remained unreleased \u2014 this is truly Experimental music where creativity shines through in every detail. (Rating:7\u00bd).(<a href=\"https:\/\/www.side-line.com\/deison-mingle-everything-collapsed-piano-versions-digital-cd-album-loud-final-muzik-en-st-an-da\/?\">LINK)<\/a><\/p>\n\n\n\n<hr class=\"wp-block-separator has-alpha-channel-opacity\"\/>\n\n\n\n<h4 class=\"wp-block-heading\">EVERYTHING COLLAPSE(D)-PIANO VERSIONS: SU ONDAROCK<\/h4>\n\n\n\n<p>Quattro album nell\u2019arco di un triennio, un sodalizio che \u00e8 divenuto sinergia fertile nell\u2019arco di un tempo ridotto. \u00c8 stata molto pi\u00f9 di una semplice collaborazione quella instaurata da Andrea \u201c<a href=\"https:\/\/www.ondarock.it\/artista\/mingle\">Mingle<\/a>\u201d Gastaldello e&nbsp;<a href=\"https:\/\/www.ondarock.it\/artista\/deison\">Cristiano Deison<\/a>, unione profonda di idee e visioni nutrita dalla voglia di ricercare soluzioni diverse mettendosi in gioco. Undici anni dopo la pubblicazione di &nbsp;\u201cEverything Collapse(d)\u201d, a quattro dalla scomparsa prematura di Mingle, la loro discografia comune si arricchisce di un ultimo tassello ripescato dall\u2019archivio.<\/p>\n\n\n\n<p>Il disco in questione \u00e8 la reinterpretazione del lavoro di esordio, ideata e finalizzata alcuni mesi dopo la sua uscita su invito di Gastaldello. L\u2019obiettivo era quello di scarnificare il materiale originario eliminando rifiniture e stratificazioni per mettere in luce i nuclei melodici delle tracce. Un riduzionismo spinto, che lascia le trame pianistiche e le ricuciture elettroniche necessarie a navigare in un substrato evanescente tendente al silenzio. Un\u2019operazione che amplifica il portato emozionale di paesaggi plasmati per dare corpo ad un senso di malinconia e desolazione inestinguibile, giungendo ad una forma essenziale nella quale riecheggia ulteriormente l\u2019assenza.Lo dimostra la conversione dell\u2019intersezione dark-ambient \/post-industrial&nbsp;di \u201cSettled Apathy (Hospital)\u201d in delicata sonata&nbsp;modern-classical&nbsp;venata da ruvidezze sintetiche, lo ribadisce la spoliazione di \u201cNessun Desiderio (decimaction)\u201d &nbsp;dalle sue pulsazioni ossessive. Tutto si fa rarefatto, stemperando le ombre soffocanti di partenza, senza intaccare il virtuoso compenetrarsi di cinematismo e screpolatura che ha reso unico il marchio&nbsp;<a href=\"https:\/\/www.ondarock.it\/artista\/deison-e-mingle\">Deison &amp; Mingle<\/a>.(<a href=\"https:\/\/www.ondarock.it\/recensioni\/2025-deisonmingle-everythingcollapsedpianoversions.htm\">LINK<\/a><a href=\"https:\/\/www.side-line.com\/deison-mingle-everything-collapsed-piano-versions-digital-cd-album-loud-final-muzik-en-st-an-da\/?\">)<\/a><\/p>\n\n\n\n<hr class=\"wp-block-separator has-alpha-channel-opacity\"\/>\n\n\n\n<p><\/p>\n","protected":false},"excerpt":{"rendered":"<p>DEISON MINGLE (CD, Loud!\/Final Muzik\/St.An.Da.,2025) Everything Collapse(d)-Piano Versions by Deison | Mingle 01. Optokinetic Reflex (Glassy Eyes) 02. Everything Collapses03. Nessun Desiderio (Decimaction) 04. Out Of The Blue (Rain)05. Settled Apathy (Hospital)06. One Million Parsec From Your Sun 07. An Estranged Perspective (Time Off) 08. Static Inertia This is an unreleased and \u201clost\u201d new album&hellip;&nbsp;<a href=\"https:\/\/www.deison.net\/index.php\/everything-collapsed-piano-versions\/\" rel=\"bookmark\">Leggi tutto &raquo;<span class=\"screen-reader-text\">Everything Collapse(d) (Piano Versions)<\/span><\/a><\/p>\n","protected":false},"author":2,"featured_media":0,"parent":0,"menu_order":0,"comment_status":"closed","ping_status":"closed","template":"","meta":{"neve_meta_sidebar":"","neve_meta_container":"","neve_meta_enable_content_width":"off","neve_meta_content_width":0,"neve_meta_title_alignment":"","neve_meta_author_avatar":"","neve_post_elements_order":"","neve_meta_disable_header":"","neve_meta_disable_footer":"","neve_meta_disable_title":"","_themeisle_gutenberg_block_has_review":false,"footnotes":""},"class_list":["post-1785","page","type-page","status-publish","hentry"],"jetpack_sharing_enabled":true,"_links":{"self":[{"href":"https:\/\/www.deison.net\/index.php\/wp-json\/wp\/v2\/pages\/1785","targetHints":{"allow":["GET"]}}],"collection":[{"href":"https:\/\/www.deison.net\/index.php\/wp-json\/wp\/v2\/pages"}],"about":[{"href":"https:\/\/www.deison.net\/index.php\/wp-json\/wp\/v2\/types\/page"}],"author":[{"embeddable":true,"href":"https:\/\/www.deison.net\/index.php\/wp-json\/wp\/v2\/users\/2"}],"replies":[{"embeddable":true,"href":"https:\/\/www.deison.net\/index.php\/wp-json\/wp\/v2\/comments?post=1785"}],"version-history":[{"count":8,"href":"https:\/\/www.deison.net\/index.php\/wp-json\/wp\/v2\/pages\/1785\/revisions"}],"predecessor-version":[{"id":1842,"href":"https:\/\/www.deison.net\/index.php\/wp-json\/wp\/v2\/pages\/1785\/revisions\/1842"}],"wp:attachment":[{"href":"https:\/\/www.deison.net\/index.php\/wp-json\/wp\/v2\/media?parent=1785"}],"curies":[{"name":"wp","href":"https:\/\/api.w.org\/{rel}","templated":true}]}}